CRAN Package Check Results for Package ForecastTB

Last updated on 2020-11-24 15:52:08 CET.

Flavor Version Tinstall Tcheck Ttotal Status Flags
r-devel-linux-x86_64-debian-clang 1.0.1 10.96 91.06 102.02 OK
r-devel-linux-x86_64-debian-gcc 1.0.1 8.64 68.83 77.47 OK
r-devel-linux-x86_64-fedora-clang 1.0.1 127.95 NOTE
r-devel-linux-x86_64-fedora-gcc 1.0.1 117.71 NOTE
r-devel-windows-ix86+x86_64 1.0.1 20.00 85.00 105.00 OK
r-patched-linux-x86_64 1.0.1 10.54 85.42 95.96 OK
r-patched-solaris-x86 1.0.1 170.70 NOTE
r-release-linux-x86_64 1.0.1 9.33 86.22 95.55 OK
r-release-macos-x86_64 1.0.1 NOTE
r-release-windows-ix86+x86_64 1.0.1 14.00 89.00 103.00 OK
r-oldrel-macos-x86_64 1.0.1 NOTE
r-oldrel-windows-ix86+x86_64 1.0.1 13.00 89.00 102.00 OK

Check Details

Version: 1.0.1
Check: dependencies in R code
Result: NOTE
    Namespace in Imports field not imported from: ‘decomposedPSF’
     All declared Imports should be used.
Flavors: r-devel-linux-x86_64-fedora-clang, r-devel-linux-x86_64-fedora-gcc, r-patched-solaris-x86, r-release-macos-x86_64, r-oldrel-macos-x86_64