CRAN Package Check Results for Package ForecastComb

Last updated on 2022-08-17 15:49:53 CEST.

Flavor Version Tinstall Tcheck Ttotal Status Flags
r-devel-linux-x86_64-debian-clang 1.3.1 17.97 226.14 244.11 OK
r-devel-linux-x86_64-debian-gcc 1.3.1 OK
r-devel-linux-x86_64-fedora-clang 1.3.1 292.97 NOTE
r-devel-linux-x86_64-fedora-gcc 1.3.1 289.21 OK
r-devel-windows-x86_64 1.3.1 55.00 230.00 285.00 OK
r-patched-linux-x86_64 1.3.1 18.60 205.56 224.16 OK
r-release-linux-x86_64 1.3.1 15.76 207.38 223.14 OK
r-release-macos-arm64 1.3.1 76.00 OK
r-release-macos-x86_64 1.3.1 130.00 OK
r-release-windows-x86_64 1.3.1 50.00 233.00 283.00 OK
r-oldrel-macos-arm64 1.3.1 81.00 OK
r-oldrel-macos-x86_64 1.3.1 145.00 OK
r-oldrel-windows-ix86+x86_64 1.3.1 35.00 239.00 274.00 OK

Check Details

Version: 1.3.1
Check: Rd cross-references
Result: NOTE
    Undeclared package ‘ForecastCombinations’ in Rd xrefs
Flavor: r-devel-linux-x86_64-fedora-clang