Last updated on 2023-10-04 02:58:16 CEST.
Flavor | Version | Tinstall | Tcheck | Ttotal | Status | Flags |
---|---|---|---|---|---|---|
r-devel-linux-x86_64-debian-clang | 0.2.2 | 44.34 | 66.94 | 111.28 | OK | |
r-devel-linux-x86_64-debian-gcc | 0.2.2 | 28.32 | 50.88 | 79.20 | OK | |
r-devel-linux-x86_64-fedora-clang | 0.2.2 | 160.06 | NOTE | |||
r-devel-linux-x86_64-fedora-gcc | 0.2.2 | 163.58 | NOTE | |||
r-devel-windows-x86_64 | 0.2.2 | 37.00 | 94.00 | 131.00 | OK | |
r-patched-linux-x86_64 | 0.2.2 | 28.49 | 67.58 | 96.07 | OK | |
r-release-linux-x86_64 | 0.2.2 | 38.02 | 67.95 | 105.97 | OK | |
r-release-macos-arm64 | 0.2.2 | 48.00 | OK | |||
r-release-macos-x86_64 | 0.2.2 | 81.00 | OK | |||
r-release-windows-x86_64 | 0.2.2 | 46.00 | 109.00 | 155.00 | OK | |
r-oldrel-macos-arm64 | 0.2.2 | 45.00 | NOTE | |||
r-oldrel-macos-x86_64 | 0.2.2 | 56.00 | NOTE | |||
r-oldrel-windows-x86_64 | 0.2.2 | 43.00 | 101.00 | 144.00 | OK |
Version: 0.2.2
Check: dependencies in R code
Result: NOTE
Namespaces in Imports field not imported from:
‘kableExtra’ ‘knitr’ ‘rmarkdown’
All declared Imports should be used.
Flavors: r-devel-linux-x86_64-fedora-clang, r-devel-linux-x86_64-fedora-gcc, r-oldrel-macos-arm64, r-oldrel-macos-x86_64