CRAN Package Check Results for Package FlexGAM

Last updated on 2022-10-01 03:54:09 CEST.

Flavor Version Tinstall Tcheck Ttotal Status Flags
r-devel-linux-x86_64-debian-clang 0.7.2 11.81 84.60 96.41 NOTE
r-devel-linux-x86_64-debian-gcc 0.7.2 8.87 62.25 71.12 NOTE
r-devel-linux-x86_64-fedora-clang 0.7.2 126.79 NOTE
r-devel-linux-x86_64-fedora-gcc 0.7.2 118.88 NOTE
r-devel-windows-x86_64 0.7.2 13.00 105.00 118.00 NOTE
r-patched-linux-x86_64 0.7.2 11.63 78.95 90.58 NOTE
r-release-linux-x86_64 0.7.2 10.83 78.32 89.15 NOTE
r-release-macos-arm64 0.7.2 29.00 NOTE
r-release-macos-x86_64 0.7.2 48.00 NOTE
r-release-windows-x86_64 0.7.2 15.00 108.00 123.00 NOTE
r-oldrel-macos-arm64 0.7.2 39.00 NOTE
r-oldrel-macos-x86_64 0.7.2 63.00 NOTE
r-oldrel-windows-ix86+x86_64 0.7.2 21.00 101.00 122.00 NOTE

Check Details

Version: 0.7.2
Check: LazyData
Result: NOTE
     'LazyData' is specified without a 'data' directory
Flavors: r-devel-linux-x86_64-debian-clang, r-devel-linux-x86_64-debian-gcc, r-devel-linux-x86_64-fedora-clang, r-devel-linux-x86_64-fedora-gcc, r-devel-windows-x86_64, r-patched-linux-x86_64, r-release-linux-x86_64, r-release-macos-arm64, r-release-macos-x86_64, r-release-windows-x86_64, r-oldrel-macos-arm64, r-oldrel-macos-x86_64, r-oldrel-windows-ix86+x86_64