CRAN Package Check Results for Package FisPro

Last updated on 2022-09-25 03:54:30 CEST.

Flavor Version Tinstall Tcheck Ttotal Status Flags
r-devel-linux-x86_64-debian-clang 1.1.1 217.48 95.65 313.13 OK
r-devel-linux-x86_64-debian-gcc 1.1.1 210.48 72.94 283.42 OK
r-devel-linux-x86_64-fedora-clang 1.1.1 447.09 OK
r-devel-linux-x86_64-fedora-gcc 1.1.1 458.75 OK
r-devel-windows-x86_64 1.1.1 199.00 172.00 371.00 NOTE
r-patched-linux-x86_64 1.1.1 203.32 92.46 295.78 OK
r-release-linux-x86_64 1.1.1 217.23 91.54 308.77 OK
r-release-macos-arm64 1.1.1 109.00 NOTE
r-release-macos-x86_64 1.1.1 132.00 NOTE
r-release-windows-x86_64 1.1.1 203.00 157.00 360.00 NOTE
r-oldrel-macos-arm64 1.1.1 97.00 NOTE
r-oldrel-macos-x86_64 1.1.1 134.00 NOTE
r-oldrel-windows-ix86+x86_64 1.1.1 585.00 170.00 755.00 NOTE

Check Details

Version: 1.1.1
Check: installed package size
Result: NOTE
     installed size is 5.7Mb
     sub-directories of 1Mb or more:
     lib 3.0Mb
     libs 2.3Mb
Flavors: r-devel-windows-x86_64, r-release-macos-arm64, r-release-macos-x86_64, r-release-windows-x86_64, r-oldrel-macos-arm64, r-oldrel-macos-x86_64, r-oldrel-windows-ix86+x86_64