CRAN Package Check Results for Package FiRE

Last updated on 2022-10-01 03:54:08 CEST.

Flavor Version Tinstall Tcheck Ttotal Status Flags
r-devel-linux-x86_64-debian-clang 1.0.1 35.32 37.12 72.44 OK
r-devel-linux-x86_64-debian-gcc 1.0.1 28.02 28.53 56.55 OK
r-devel-linux-x86_64-fedora-clang 1.0.1 112.53 OK
r-devel-linux-x86_64-fedora-gcc 1.0.1 103.14 OK
r-devel-windows-x86_64 1.0.1 43.00 91.00 134.00 OK
r-patched-linux-x86_64 1.0.1 30.96 37.72 68.68 OK
r-release-linux-x86_64 1.0.1 31.62 38.18 69.80 OK
r-release-macos-arm64 1.0.1 36.00 OK
r-release-macos-x86_64 1.0.1 47.00 OK
r-release-windows-x86_64 1.0.1 43.00 84.00 127.00 OK
r-oldrel-macos-arm64 1.0.1 61.00 NOTE
r-oldrel-macos-x86_64 1.0.1 48.00 OK
r-oldrel-windows-ix86+x86_64 1.0.1 76.00 89.00 165.00 OK

Check Details

Version: 1.0.1
Check: installed package size
Result: NOTE
     installed size is 5.2Mb
     sub-directories of 1Mb or more:
     data 2.1Mb
     libs 3.0Mb
Flavor: r-oldrel-macos-arm64