Last updated on 2023-10-01 05:05:41 CEST.
Flavor | Version | Tinstall | Tcheck | Ttotal | Status | Flags |
---|---|---|---|---|---|---|
r-devel-linux-x86_64-debian-clang | 1.0.1 | 35.36 | 36.64 | 72.00 | OK | |
r-devel-linux-x86_64-debian-gcc | 1.0.1 | 28.70 | 27.86 | 56.56 | OK | |
r-devel-linux-x86_64-fedora-clang | 1.0.1 | 103.30 | OK | |||
r-devel-linux-x86_64-fedora-gcc | 1.0.1 | 101.42 | OK | |||
r-devel-windows-x86_64 | 1.0.1 | 33.00 | 72.00 | 105.00 | OK | |
r-patched-linux-x86_64 | 1.0.1 | 38.77 | 35.48 | 74.25 | OK | |
r-release-linux-x86_64 | 1.0.1 | 39.36 | 36.24 | 75.60 | OK | |
r-release-macos-arm64 | 1.0.1 | 34.00 | OK | |||
r-release-macos-x86_64 | 1.0.1 | 50.00 | NOTE | |||
r-release-windows-x86_64 | 1.0.1 | 33.00 | 82.00 | 115.00 | OK | |
r-oldrel-macos-arm64 | 1.0.1 | 33.00 | OK | |||
r-oldrel-macos-x86_64 | 1.0.1 | 47.00 | OK | |||
r-oldrel-windows-x86_64 | 1.0.1 | 48.00 | 72.00 | 120.00 | OK |
Version: 1.0.1
Check: installed package size
Result: NOTE
installed size is 5.2Mb
sub-directories of 1Mb or more:
data 2.6Mb
libs 2.5Mb
Flavor: r-release-macos-x86_64