CRAN Package Check Results for Package FastRCS

Last updated on 2021-01-26 15:49:44 CET.

Flavor Version Tinstall Tcheck Ttotal Status Flags
r-devel-linux-x86_64-debian-clang 0.0.8 38.19 26.71 64.90 OK
r-devel-linux-x86_64-debian-gcc 0.0.8 28.46 22.81 51.27 OK
r-devel-linux-x86_64-fedora-clang 0.0.8 97.15 NOTE
r-devel-linux-x86_64-fedora-gcc 0.0.8 85.00 OK
r-devel-windows-ix86+x86_64 0.0.8 71.00 72.00 143.00 OK
r-patched-linux-x86_64 0.0.8 32.71 27.87 60.58 OK
r-patched-solaris-x86 0.0.8 80.00 OK
r-release-linux-x86_64 0.0.8 32.43 27.49 59.92 OK
r-release-macos-x86_64 0.0.8 NOTE
r-release-windows-ix86+x86_64 0.0.8 68.00 53.00 121.00 OK
r-oldrel-macos-x86_64 0.0.8 NOTE
r-oldrel-windows-ix86+x86_64 0.0.8 51.00 65.00 116.00 OK

Check Details

Version: 0.0.8
Check: installed package size
Result: NOTE
     installed size is 18.0Mb
     sub-directories of 1Mb or more:
     libs 17.9Mb
Flavors: r-devel-linux-x86_64-fedora-clang, r-release-macos-x86_64, r-oldrel-macos-x86_64