CRAN Package Check Results for Package FastPCS

Last updated on 2021-01-25 03:52:40 CET.

Flavor Version Tinstall Tcheck Ttotal Status Flags
r-devel-linux-x86_64-debian-clang 0.1.3 19.96 23.11 43.07 OK
r-devel-linux-x86_64-debian-gcc 0.1.3 15.52 19.30 34.82 OK
r-devel-linux-x86_64-fedora-clang 0.1.3 73.87 NOTE
r-devel-linux-x86_64-fedora-gcc 0.1.3 60.25 OK
r-devel-windows-ix86+x86_64 0.1.3 46.00 62.00 108.00 OK
r-patched-linux-x86_64 0.1.3 19.44 22.95 42.39 OK
r-patched-solaris-x86 0.1.3 60.40 OK
r-release-linux-x86_64 0.1.3 19.37 22.84 42.21 OK
r-release-macos-x86_64 0.1.3 NOTE
r-release-windows-ix86+x86_64 0.1.3 45.00 46.00 91.00 OK
r-oldrel-macos-x86_64 0.1.3 NOTE
r-oldrel-windows-ix86+x86_64 0.1.3 33.00 50.00 83.00 OK

Check Details

Version: 0.1.3
Check: installed package size
Result: NOTE
     installed size is 8.5Mb
     sub-directories of 1Mb or more:
     libs 8.4Mb
Flavors: r-devel-linux-x86_64-fedora-clang, r-release-macos-x86_64, r-oldrel-macos-x86_64