Last updated on 2022-06-27 15:53:43 CEST.
Flavor | Version | Tinstall | Tcheck | Ttotal | Status | Flags |
---|---|---|---|---|---|---|
r-devel-linux-x86_64-debian-clang | 1.1.3 | 564.38 | 124.80 | 689.18 | OK | |
r-devel-linux-x86_64-debian-gcc | 1.1.3 | 434.91 | 110.70 | 545.61 | OK | |
r-devel-linux-x86_64-fedora-clang | 1.1.3 | 1023.85 | NOTE | |||
r-devel-linux-x86_64-fedora-gcc | 1.1.3 | 881.93 | OK | |||
r-devel-windows-x86_64 | 1.1.3 | 312.00 | 188.00 | 500.00 | OK | |
r-patched-linux-x86_64 | 1.1.3 | 463.01 | 140.70 | 603.71 | OK | |
r-release-linux-x86_64 | 1.1.3 | 468.89 | 137.78 | 606.67 | OK | |
r-release-macos-arm64 | 1.1.3 | 220.00 | NOTE | |||
r-release-macos-x86_64 | 1.1.3 | 284.00 | NOTE | |||
r-release-windows-x86_64 | 1.1.3 | 307.00 | 197.00 | 504.00 | OK | |
r-oldrel-macos-arm64 | 1.1.3 | 186.00 | NOTE | |||
r-oldrel-macos-x86_64 | 1.1.3 | 284.00 | NOTE | |||
r-oldrel-windows-ix86+x86_64 | 1.1.3 | 1090.00 | 256.00 | 1346.00 | OK |
Version: 1.1.3
Check: installed package size
Result: NOTE
installed size is 42.3Mb
sub-directories of 1Mb or more:
libs 42.0Mb
Flavors: r-devel-linux-x86_64-fedora-clang, r-release-macos-arm64, r-release-macos-x86_64, r-oldrel-macos-arm64, r-oldrel-macos-x86_64