CRAN Package Check Results for Package FarmSelect

Last updated on 2022-06-30 03:53:22 CEST.

Flavor Version Tinstall Tcheck Ttotal Status Flags
r-devel-linux-x86_64-debian-clang 1.0.2 39.20 86.68 125.88 NOTE
r-devel-linux-x86_64-debian-gcc 1.0.2 31.07 66.30 97.37 NOTE
r-devel-linux-x86_64-fedora-clang 1.0.2 181.70 NOTE
r-devel-linux-x86_64-fedora-gcc 1.0.2 170.85 NOTE
r-devel-windows-x86_64 1.0.2 129.00 134.00 263.00 NOTE
r-patched-linux-x86_64 1.0.2 37.62 87.37 124.99 NOTE
r-release-linux-x86_64 1.0.2 33.32 86.03 119.35 NOTE
r-release-macos-arm64 1.0.2 53.00 NOTE
r-release-macos-x86_64 1.0.2 66.00 NOTE
r-release-windows-x86_64 1.0.2 45.00 136.00 181.00 NOTE
r-oldrel-macos-arm64 1.0.2 59.00 NOTE
r-oldrel-macos-x86_64 1.0.2 93.00 NOTE
r-oldrel-windows-ix86+x86_64 1.0.2 98.00 154.00 252.00 NOTE

Check Details

Version: 1.0.2
Check: LazyData
Result: NOTE
     'LazyData' is specified without a 'data' directory
Flavors: r-devel-linux-x86_64-debian-clang, r-devel-linux-x86_64-debian-gcc, r-devel-linux-x86_64-fedora-clang, r-devel-linux-x86_64-fedora-gcc, r-devel-windows-x86_64, r-patched-linux-x86_64, r-release-linux-x86_64, r-release-macos-arm64, r-release-macos-x86_64, r-release-windows-x86_64, r-oldrel-macos-arm64, r-oldrel-macos-x86_64, r-oldrel-windows-ix86+x86_64