CRAN Package Check Results for Package FamEvent

Last updated on 2022-06-30 15:51:40 CEST.

Flavor Version Tinstall Tcheck Ttotal Status Flags
r-devel-linux-x86_64-debian-clang 2.1 11.28 120.30 131.58 NOTE
r-devel-linux-x86_64-debian-gcc 2.1 8.23 88.78 97.01 NOTE
r-devel-linux-x86_64-fedora-clang 2.1 163.90 OK
r-devel-linux-x86_64-fedora-gcc 2.1 163.12 OK
r-devel-windows-x86_64 2.1 31.00 150.00 181.00 OK
r-patched-linux-x86_64 2.1 13.54 112.94 126.48 OK
r-release-linux-x86_64 2.1 9.65 111.92 121.57 OK
r-release-macos-arm64 2.1 42.00 OK
r-release-macos-x86_64 2.1 62.00 OK
r-release-windows-x86_64 2.1 35.00 145.00 180.00 OK
r-oldrel-macos-arm64 2.1 51.00 OK
r-oldrel-macos-x86_64 2.1 88.00 OK
r-oldrel-windows-ix86+x86_64 2.1 22.00 148.00 170.00 OK

Check Details

Version: 2.1
Check: HTML version of manual
Result: NOTE
    Found the following problems:
    carrierprob.Rd:109:1: Warning: inserting implicit <p>
    carrierprob.Rd:109:1: Warning: trimming empty <p>
    carrierprob.Rd:87:9: Warning: moved <style> tag to <head>! fix-style-tags: no to avoid.
    carrierprob.Rd:93:9: Warning: <table> attribute "align" not allowed for HTML5
    carrierprob.Rd:93:9: Warning: <table> attribute "align" not allowed for HTML5
    carrierprob.Rd:93:9: Warning: <table> attribute "cellpadding" not allowed for HTML5
    carrierprob.Rd:93:9: Warning: <table> attribute "cellspacing" not allowed for HTML5
    carrierprob.Rd:95:9: Warning: <td> attribute "nowrap" not allowed for HTML5
    carrierprob.Rd:98:9: Warning: <td> attribute "nowrap" not allowed for HTML5
    penetrance.Rd:85:1: Warning: inserting implicit <p>
    penetrance.Rd:85:1: Warning: trimming empty <p>
    penetrance.Rd:83:1: Warning: <center> element removed from HTML5
    penmodel.Rd:102:1: Warning: inserting implicit <p>
    penmodel.Rd:102:1: Warning: trimming empty <p>
    penmodel.Rd:100:2: Warning: <center> element removed from HTML5
    penmodelem.Rd:123:1: Warning: inserting implicit <p>
    penmodelem.Rd:126:1: Warning: inserting implicit <p>
    penmodelem.Rd:123:1: Warning: trimming empty <p>
    penmodelem.Rd:126:1: Warning: trimming empty <p>
    penmodelem.Rd:121:1: Warning: <center> element removed from HTML5
    penmodelem.Rd:125:1: Warning: <center> element removed from HTML5
    penplot.Rd:155:1: Warning: inserting implicit <p>
    penplot.Rd:159:1: Warning: inserting implicit <p>
    penplot.Rd:166:1: Warning: inserting implicit <p>
    penplot.Rd:169:1: Warning: inserting implicit <p>
    penplot.Rd:176:1: Warning: inserting implicit <p>
    penplot.Rd:155:1: Warning: trimming empty <p>
    penplot.Rd:159:1: Warning: trimming empty <p>
    penplot.Rd:166:1: Warning: trimming empty <p>
    penplot.Rd:169:1: Warning: trimming empty <p>
    penplot.Rd:176:1: Warning: trimming empty <p>
    penplot.Rd:153:2: Warning: <center> element removed from HTML5
    penplot.Rd:157:1: Warning: <center> element removed from HTML5
    penplot.Rd:164:2: Warning: <center> element removed from HTML5
    penplot.Rd:168:1: Warning: <center> element removed from HTML5
    penplot.Rd:173:1: Warning: <center> element removed from HTML5
    simfam.Rd:149:2: Warning: <center> element removed from HTML5
    simfam.Rd:154:2: Warning: <center> element removed from HTML5
    simfam.Rd:159:2: Warning: <center> element removed from HTML5
Flavors: r-devel-linux-x86_64-debian-clang, r-devel-linux-x86_64-debian-gcc