Last updated on 2023-02-01 03:54:13 CET.
Flavor | Version | Tinstall | Tcheck | Ttotal | Status | Flags |
---|---|---|---|---|---|---|
r-devel-linux-x86_64-debian-clang | 2.2.1 | 5.38 | 46.35 | 51.73 | OK | |
r-devel-linux-x86_64-debian-gcc | 2.2.1 | 4.70 | 34.26 | 38.96 | OK | |
r-devel-linux-x86_64-fedora-clang | 2.2.1 | 75.41 | NOTE | |||
r-devel-linux-x86_64-fedora-gcc | 2.2.1 | 69.15 | NOTE | |||
r-devel-windows-x86_64 | 2.2.1 | 14.00 | 77.00 | 91.00 | OK | |
r-patched-linux-x86_64 | 2.2.1 | 4.78 | 50.10 | 54.88 | OK | |
r-release-linux-x86_64 | 2.2.1 | 6.00 | 50.52 | 56.52 | OK | |
r-release-macos-arm64 | 2.2.1 | 24.00 | NOTE | |||
r-release-macos-x86_64 | 2.2.1 | 44.00 | NOTE | |||
r-release-windows-x86_64 | 2.2.1 | 12.00 | 80.00 | 92.00 | OK | |
r-oldrel-macos-arm64 | 2.2.1 | 37.00 | NOTE | |||
r-oldrel-macos-x86_64 | 2.2.1 | 31.00 | NOTE | |||
r-oldrel-windows-ix86+x86_64 | 2.2.1 | 14.00 | 70.00 | 84.00 | OK |
Version: 2.2.1
Check: dependencies in R code
Result: NOTE
Namespaces in Imports field not imported from:
‘base’ ‘data.table’
All declared Imports should be used.
Flavors: r-devel-linux-x86_64-fedora-clang, r-devel-linux-x86_64-fedora-gcc, r-release-macos-arm64, r-release-macos-x86_64, r-oldrel-macos-arm64, r-oldrel-macos-x86_64