Last updated on 2022-07-04 15:54:41 CEST.
Flavor | Version | Tinstall | Tcheck | Ttotal | Status | Flags |
---|---|---|---|---|---|---|
r-devel-linux-x86_64-debian-clang | 1.5 | 4.60 | 44.10 | 48.70 | OK | |
r-devel-linux-x86_64-debian-gcc | 1.5 | 2.35 | 33.45 | 35.80 | OK | |
r-devel-linux-x86_64-fedora-clang | 1.5 | 67.81 | NOTE | |||
r-devel-linux-x86_64-fedora-gcc | 1.5 | 67.14 | NOTE | |||
r-devel-windows-x86_64 | 1.5 | 17.00 | 71.00 | 88.00 | OK | |
r-patched-linux-x86_64 | 1.5 | 3.95 | 43.21 | 47.16 | OK | |
r-release-linux-x86_64 | 1.5 | 3.82 | 42.29 | 46.11 | OK | |
r-release-macos-arm64 | 1.5 | 20.00 | NOTE | |||
r-release-macos-x86_64 | 1.5 | 31.00 | NOTE | |||
r-release-windows-x86_64 | 1.5 | 22.00 | 70.00 | 92.00 | OK | |
r-oldrel-macos-arm64 | 1.5 | 23.00 | NOTE | |||
r-oldrel-macos-x86_64 | 1.5 | 30.00 | NOTE | |||
r-oldrel-windows-ix86+x86_64 | 1.5 | 8.00 | 70.00 | 78.00 | OK |
Version: 1.5
Check: Rd cross-references
Result: NOTE
Undeclared package ‘SciViews’ in Rd xrefs
Flavor: r-devel-linux-x86_64-fedora-clang
Version: 1.5
Check: data for non-ASCII characters
Result: NOTE
Note: found 5 marked Latin-1 strings
Flavors: r-devel-linux-x86_64-fedora-clang, r-devel-linux-x86_64-fedora-gcc, r-release-macos-arm64, r-release-macos-x86_64, r-oldrel-macos-arm64, r-oldrel-macos-x86_64