CRAN Package Check Results for Package FacPad

Last updated on 2020-09-29 03:48:21 CEST.

Flavor Version Tinstall Tcheck Ttotal Status Flags
r-devel-linux-x86_64-debian-clang 3.0 2.74 37.51 40.25 NOTE
r-devel-linux-x86_64-debian-gcc 3.0 2.07 27.90 29.97 NOTE
r-devel-linux-x86_64-fedora-clang 3.0 54.79 NOTE
r-devel-linux-x86_64-fedora-gcc 3.0 49.13 NOTE
r-devel-windows-ix86+x86_64 3.0 7.00 54.00 61.00 NOTE
r-patched-linux-x86_64 3.0 2.37 35.64 38.01 NOTE
r-patched-solaris-x86 3.0 62.50 NOTE
r-release-linux-x86_64 3.0 2.16 35.88 38.04 NOTE
r-release-macos-x86_64 3.0 NOTE
r-release-windows-ix86+x86_64 3.0 19.00 50.00 69.00 NOTE
r-oldrel-macos-x86_64 3.0 NOTE
r-oldrel-windows-ix86+x86_64 3.0 5.00 59.00 64.00 NOTE

Check Details

Version: 3.0
Check: R code for possible problems
Result: NOTE
    gibbs2: no visible global function definition for 'rnorm'
    gibbs_sampling: no visible global function definition for 'rnorm'
    Undefined global functions or variables:
     rnorm
    Consider adding
     importFrom("stats", "rnorm")
    to your NAMESPACE file.
Flavors: r-devel-linux-x86_64-debian-clang, r-devel-linux-x86_64-debian-gcc, r-devel-linux-x86_64-fedora-clang, r-devel-linux-x86_64-fedora-gcc, r-devel-windows-ix86+x86_64, r-patched-linux-x86_64, r-patched-solaris-x86, r-release-linux-x86_64, r-release-macos-x86_64, r-release-windows-ix86+x86_64, r-oldrel-macos-x86_64, r-oldrel-windows-ix86+x86_64

Version: 3.0
Check: for non-standard things in the check directory
Result: NOTE
    Found the following files/directories:
     'test_30iter.RData' 'test_50iter.RData' 'test_v2_50iter.RData'
Flavors: r-devel-linux-x86_64-debian-clang, r-devel-linux-x86_64-debian-gcc, r-devel-linux-x86_64-fedora-clang, r-devel-linux-x86_64-fedora-gcc, r-patched-linux-x86_64, r-patched-solaris-x86, r-release-linux-x86_64