Last updated on 2025-01-18 04:48:24 CET.
Flavor | Version | Tinstall | Tcheck | Ttotal | Status | Flags |
---|---|---|---|---|---|---|
r-devel-linux-x86_64-debian-clang | 0.3.13 | 64.71 | 56.13 | 120.84 | OK | |
r-devel-linux-x86_64-debian-gcc | 0.3.13 | 54.32 | 41.99 | 96.31 | OK | |
r-devel-linux-x86_64-fedora-clang | 0.3.13 | 227.23 | OK | |||
r-devel-linux-x86_64-fedora-gcc | 0.3.13 | 269.67 | OK | |||
r-devel-windows-x86_64 | 0.3.13 | 76.00 | 99.00 | 175.00 | OK | |
r-patched-linux-x86_64 | 0.3.13 | 76.34 | 53.71 | 130.05 | OK | |
r-release-linux-x86_64 | 0.3.13 | 72.84 | 53.16 | 126.00 | OK | |
r-release-macos-arm64 | 0.3.13 | 73.00 | NOTE | |||
r-release-macos-x86_64 | 0.3.13 | 121.00 | NOTE | |||
r-release-windows-x86_64 | 0.3.13 | 73.00 | 108.00 | 181.00 | OK | |
r-oldrel-macos-arm64 | 0.3.13 | 68.00 | NOTE | |||
r-oldrel-macos-x86_64 | 0.3.13 | 99.00 | NOTE | |||
r-oldrel-windows-x86_64 | 0.3.13 | 87.00 | 128.00 | 215.00 | OK |
Version: 0.3.13
Check: package dependencies
Result: NOTE
Package suggested but not available for checking: ‘RTCGA.rnaseq’
Flavors: r-release-macos-arm64, r-oldrel-macos-arm64, r-oldrel-macos-x86_64
Version: 0.3.13
Check: installed package size
Result: NOTE
installed size is 10.1Mb
sub-directories of 1Mb or more:
libs 9.7Mb
Flavors: r-release-macos-arm64, r-release-macos-x86_64, r-oldrel-macos-arm64, r-oldrel-macos-x86_64