CRAN Package Check Results for Package FRESA.CAD

Last updated on 2020-09-28 03:47:42 CEST.

Flavor Version Tinstall Tcheck Ttotal Status Flags
r-devel-linux-x86_64-debian-clang 3.1.0 127.45 163.79 291.24 NOTE
r-devel-linux-x86_64-debian-gcc 3.1.0 97.41 122.78 220.19 NOTE
r-devel-linux-x86_64-fedora-clang 3.1.0 357.03 NOTE
r-devel-linux-x86_64-fedora-gcc 3.1.0 400.98 NOTE
r-devel-windows-ix86+x86_64 3.1.0 234.00 235.00 469.00 NOTE
r-patched-linux-x86_64 3.1.0 70.79 150.17 220.96 NOTE
r-patched-solaris-x86 3.1.0 344.80 NOTE
r-release-linux-x86_64 3.1.0 70.30 152.14 222.44 NOTE
r-release-macos-x86_64 3.1.0 NOTE
r-release-windows-ix86+x86_64 3.1.0 235.00 228.00 463.00 NOTE
r-oldrel-macos-x86_64 3.1.0 NOTE
r-oldrel-windows-ix86+x86_64 3.1.0 212.00 210.00 422.00 OK

Check Details

Version: 3.1.0
Check: use of PKG_*FLAGS in Makefiles
Result: NOTE
     PKG_CFLAGS set in 'src/Makevars' without any corresponding files
     PKG_CFLAGS set in 'src/Makevars.win' without any corresponding files
Flavors: r-devel-linux-x86_64-debian-clang, r-devel-linux-x86_64-debian-gcc, r-devel-linux-x86_64-fedora-clang, r-devel-linux-x86_64-fedora-gcc, r-devel-windows-ix86+x86_64, r-patched-linux-x86_64, r-patched-solaris-x86, r-release-linux-x86_64, r-release-macos-x86_64, r-release-windows-ix86+x86_64

Version: 3.1.0
Check: use of SHLIB_OPENMP_*FLAGS in Makefiles
Result: NOTE
     src/Makevars: SHLIB_OPENMP_CFLAGS is included in PKG_CFLAGS without any C files
     src/Makevars: SHLIB_OPENMP_CFLAGS is included in PKG_LIBS but linking is by C++
     src/Makevars.win: SHLIB_OPENMP_CFLAGS is included in PKG_CFLAGS without any C files
     src/Makevars.win: SHLIB_OPENMP_CFLAGS is included in PKG_LIBS but linking is by C++
    Use of these macros is discussed in sect 1.2.1.1 of 'Writing R
    Extensions'. The macros for different languages may differ so the
    matching macro must be used in PKG_CXXFLAGS (etc) and match that used
    in PKG_LIBS (except for Fortran: see the manual).
Flavors: r-devel-linux-x86_64-debian-clang, r-devel-linux-x86_64-debian-gcc, r-devel-linux-x86_64-fedora-clang, r-devel-linux-x86_64-fedora-gcc, r-patched-linux-x86_64, r-release-linux-x86_64

Version: 3.1.0
Check: installed package size
Result: NOTE
     installed size is 10.0Mb
     sub-directories of 1Mb or more:
     doc 1.4Mb
     libs 7.7Mb
Flavors: r-devel-linux-x86_64-fedora-clang, r-devel-windows-ix86+x86_64, r-release-macos-x86_64, r-release-windows-ix86+x86_64, r-oldrel-macos-x86_64