Last updated on 2023-02-08 04:07:02 CET.
Flavor | Version | Tinstall | Tcheck | Ttotal | Status | Flags |
---|---|---|---|---|---|---|
r-devel-linux-x86_64-debian-clang | 0.1.0 | 1.88 | 20.87 | 22.75 | OK | |
r-devel-linux-x86_64-debian-gcc | 0.1.0 | 1.56 | 15.98 | 17.54 | OK | |
r-devel-linux-x86_64-fedora-clang | 0.1.0 | 28.78 | NOTE | |||
r-devel-linux-x86_64-fedora-gcc | 0.1.0 | 27.67 | NOTE | |||
r-devel-windows-x86_64 | 0.1.0 | 12.00 | 49.00 | 61.00 | OK | |
r-patched-linux-x86_64 | 0.1.0 | 1.66 | 21.14 | 22.80 | OK | |
r-release-linux-x86_64 | 0.1.0 | 2.00 | 20.28 | 22.28 | OK | |
r-release-macos-arm64 | 0.1.0 | 14.00 | NOTE | |||
r-release-macos-x86_64 | 0.1.0 | 26.00 | NOTE | |||
r-release-windows-x86_64 | 0.1.0 | 8.00 | 50.00 | 58.00 | OK | |
r-oldrel-macos-arm64 | 0.1.0 | 16.00 | NOTE | |||
r-oldrel-macos-x86_64 | 0.1.0 | 19.00 | NOTE | |||
r-oldrel-windows-ix86+x86_64 | 0.1.0 | 6.00 | 46.00 | 52.00 | OK |
Version: 0.1.0
Check: dependencies in R code
Result: NOTE
Namespace in Imports field not imported from: ‘dplyr’
All declared Imports should be used.
Flavors: r-devel-linux-x86_64-fedora-clang, r-devel-linux-x86_64-fedora-gcc, r-release-macos-arm64, r-release-macos-x86_64, r-oldrel-macos-arm64, r-oldrel-macos-x86_64