CRAN Package Check Results for Package FOCI

Last updated on 2020-11-28 03:52:35 CET.

Flavor Version Tinstall Tcheck Ttotal Status Flags
r-devel-linux-x86_64-debian-clang 0.1.2 3.43 63.37 66.80 OK
r-devel-linux-x86_64-debian-gcc 0.1.2 2.33 46.37 48.70 OK
r-devel-linux-x86_64-fedora-clang 0.1.2 85.04 NOTE
r-devel-linux-x86_64-fedora-gcc 0.1.2 74.17 OK
r-devel-windows-ix86+x86_64 0.1.2 6.00 78.00 84.00 OK
r-patched-linux-x86_64 0.1.2 3.27 59.65 62.92 OK
r-patched-solaris-x86 0.1.2 109.80 OK
r-release-linux-x86_64 0.1.2 3.18 59.84 63.02 OK
r-release-macos-x86_64 0.1.2 OK
r-release-windows-ix86+x86_64 0.1.2 7.00 58.00 65.00 OK
r-oldrel-macos-x86_64 0.1.2 OK
r-oldrel-windows-ix86+x86_64 0.1.2 8.00 71.00 79.00 OK

Check Details

Version: 0.1.2
Check: Rd cross-references
Result: NOTE
    Undeclared package ‘XICOR’ in Rd xrefs
Flavor: r-devel-linux-x86_64-fedora-clang