Last updated on 2022-08-11 15:50:14 CEST.
Flavor | Version | Tinstall | Tcheck | Ttotal | Status | Flags |
---|---|---|---|---|---|---|
r-devel-linux-x86_64-debian-clang | 1.3.6.2 | 7.68 | 223.50 | 231.18 | NOTE | |
r-devel-linux-x86_64-debian-gcc | 1.3.6.2 | 7.21 | 166.11 | 173.32 | NOTE | |
r-devel-linux-x86_64-fedora-clang | 1.3.6.2 | 295.51 | NOTE | |||
r-devel-linux-x86_64-fedora-gcc | 1.3.6.2 | 300.21 | NOTE | |||
r-devel-windows-x86_64 | 1.3.6.2 | 31.00 | 364.00 | 395.00 | NOTE | |
r-patched-linux-x86_64 | 1.3.6.2 | 9.26 | 218.55 | 227.81 | OK | |
r-release-linux-x86_64 | 1.3.6.2 | OK | ||||
r-release-macos-arm64 | 1.3.6.2 | 108.00 | OK | |||
r-release-macos-x86_64 | 1.3.6.2 | 154.00 | OK | |||
r-release-windows-x86_64 | 1.3.6.2 | 25.00 | 366.00 | 391.00 | OK | |
r-oldrel-macos-arm64 | 1.3.6.2 | 132.00 | OK | |||
r-oldrel-macos-x86_64 | 1.3.6.2 | 176.00 | OK | |||
r-oldrel-windows-ix86+x86_64 | 1.3.6.2 | 21.00 | 331.00 | 352.00 | OK |
Version: 1.3.6.2
Check: Rd files
Result: NOTE
checkRd: (-1) pseudoOptim.Rd:27: Escaped LaTeX specials: \$
Flavors: r-devel-linux-x86_64-debian-clang, r-devel-linux-x86_64-debian-gcc, r-devel-linux-x86_64-fedora-clang, r-devel-linux-x86_64-fedora-gcc, r-devel-windows-x86_64