CRAN Package Check Results for Package FLightR

Last updated on 2022-10-02 15:54:25 CEST.

Flavor Version Tinstall Tcheck Ttotal Status Flags
r-devel-linux-x86_64-debian-clang 0.5.2 9.52 256.12 265.64 OK
r-devel-linux-x86_64-debian-gcc 0.5.2 6.97 184.44 191.41 OK
r-devel-linux-x86_64-fedora-clang 0.5.2 318.52 NOTE
r-devel-linux-x86_64-fedora-gcc 0.5.2 311.22 NOTE
r-devel-windows-x86_64 0.5.2 28.00 327.00 355.00 OK
r-patched-linux-x86_64 0.5.2 7.62 239.84 247.46 OK
r-release-linux-x86_64 0.5.2 6.08 242.40 248.48 OK
r-release-macos-arm64 0.5.2 89.00 NOTE
r-release-macos-x86_64 0.5.2 140.00 NOTE
r-release-windows-x86_64 0.5.2 47.00 327.00 374.00 OK
r-oldrel-macos-arm64 0.5.2 76.00 NOTE
r-oldrel-macos-x86_64 0.5.2 110.00 NOTE
r-oldrel-windows-ix86+x86_64 0.5.2 19.00 330.00 349.00 OK

Check Details

Version: 0.5.2
Check: dependencies in R code
Result: NOTE
    Namespace in Imports field not imported from: ‘rgdal’
     All declared Imports should be used.
Flavors: r-devel-linux-x86_64-fedora-clang, r-devel-linux-x86_64-fedora-gcc, r-release-macos-arm64, r-release-macos-x86_64, r-oldrel-macos-arm64, r-oldrel-macos-x86_64