CRAN Package Check Results for Package FLSSS

Last updated on 2020-10-26 03:48:23 CET.

Flavor Version Tinstall Tcheck Ttotal Status Flags
r-devel-linux-x86_64-debian-clang 8.6.6 348.10 55.76 403.86 NOTE
r-devel-linux-x86_64-debian-gcc 8.6.6 281.05 44.20 325.25 NOTE
r-devel-linux-x86_64-fedora-clang 8.6.6 605.90 NOTE
r-devel-linux-x86_64-fedora-gcc 8.6.6 583.21 NOTE
r-devel-windows-ix86+x86_64 8.6.6 770.00 116.00 886.00 NOTE
r-patched-linux-x86_64 8.6.6 333.95 52.64 386.59 NOTE
r-patched-solaris-x86 8.6.6 443.70 NOTE
r-release-linux-x86_64 8.6.6 330.71 52.00 382.71 NOTE
r-release-macos-x86_64 8.6.6 NOTE
r-release-windows-ix86+x86_64 8.6.6 614.00 93.00 707.00 NOTE
r-oldrel-macos-x86_64 8.6.6 NOTE
r-oldrel-windows-ix86+x86_64 8.6.6 705.00 91.00 796.00 NOTE

Check Details

Version: 8.6.6
Check: for GNU extensions in Makefiles
Result: NOTE
    GNU make is a SystemRequirements.
Flavors: r-devel-linux-x86_64-debian-clang, r-devel-linux-x86_64-debian-gcc, r-devel-linux-x86_64-fedora-clang, r-devel-linux-x86_64-fedora-gcc, r-devel-windows-ix86+x86_64, r-patched-linux-x86_64, r-patched-solaris-x86, r-release-linux-x86_64, r-release-macos-x86_64, r-release-windows-ix86+x86_64, r-oldrel-macos-x86_64, r-oldrel-windows-ix86+x86_64

Version: 8.6.6
Check: installed package size
Result: NOTE
     installed size is 30.7Mb
     sub-directories of 1Mb or more:
     libs 30.4Mb
Flavors: r-devel-linux-x86_64-fedora-clang, r-devel-windows-ix86+x86_64, r-release-macos-x86_64, r-release-windows-ix86+x86_64, r-oldrel-macos-x86_64, r-oldrel-windows-ix86+x86_64