Last updated on 2021-01-25 03:52:40 CET.
Flavor | Version | Tinstall | Tcheck | Ttotal | Status | Flags |
---|---|---|---|---|---|---|
r-devel-linux-x86_64-debian-clang | 8.6.6 | 357.03 | 57.42 | 414.45 | NOTE | |
r-devel-linux-x86_64-debian-gcc | 8.6.6 | 256.27 | 45.48 | 301.75 | NOTE | |
r-devel-linux-x86_64-fedora-clang | 8.6.6 | 632.36 | NOTE | |||
r-devel-linux-x86_64-fedora-gcc | 8.6.6 | 571.85 | NOTE | |||
r-devel-windows-ix86+x86_64 | 8.6.6 | 749.00 | 123.00 | 872.00 | NOTE | |
r-patched-linux-x86_64 | 8.6.6 | 291.14 | 54.12 | 345.26 | NOTE | |
r-patched-solaris-x86 | 8.6.6 | 443.80 | NOTE | |||
r-release-linux-x86_64 | 8.6.6 | 291.63 | 53.95 | 345.58 | NOTE | |
r-release-macos-x86_64 | 8.6.6 | NOTE | ||||
r-release-windows-ix86+x86_64 | 8.6.6 | 747.00 | 97.00 | 844.00 | NOTE | |
r-oldrel-macos-x86_64 | 8.6.6 | NOTE | ||||
r-oldrel-windows-ix86+x86_64 | 8.6.6 | 622.00 | 114.00 | 736.00 | NOTE |
Version: 8.6.6
Check: for GNU extensions in Makefiles
Result: NOTE
GNU make is a SystemRequirements.
Flavors: r-devel-linux-x86_64-debian-clang, r-devel-linux-x86_64-debian-gcc, r-devel-linux-x86_64-fedora-clang, r-devel-linux-x86_64-fedora-gcc, r-devel-windows-ix86+x86_64, r-patched-linux-x86_64, r-patched-solaris-x86, r-release-linux-x86_64, r-release-macos-x86_64, r-release-windows-ix86+x86_64, r-oldrel-macos-x86_64, r-oldrel-windows-ix86+x86_64
Version: 8.6.6
Check: installed package size
Result: NOTE
installed size is 30.7Mb
sub-directories of 1Mb or more:
libs 30.4Mb
Flavors: r-devel-linux-x86_64-fedora-clang, r-devel-windows-ix86+x86_64, r-release-macos-x86_64, r-release-windows-ix86+x86_64, r-oldrel-macos-x86_64, r-oldrel-windows-ix86+x86_64