CRAN Package Check Results for Package FFTrees

Last updated on 2024-07-21 03:55:23 CEST.

Flavor Version Tinstall Tcheck Ttotal Status Flags
r-devel-linux-x86_64-debian-clang 2.0.0 28.64 464.76 493.40 OK
r-devel-linux-x86_64-debian-gcc 2.0.0 21.33 331.77 353.10 OK
r-devel-linux-x86_64-fedora-clang 2.0.0 591.26 OK
r-devel-linux-x86_64-fedora-gcc 2.0.0 565.93 OK
r-devel-windows-x86_64 2.0.0 22.00 339.00 361.00 NOTE
r-patched-linux-x86_64 2.0.0 27.96 429.58 457.54 OK
r-release-linux-x86_64 2.0.0 16.54 437.57 454.11 OK
r-release-macos-arm64 2.0.0 178.00 OK
r-release-macos-x86_64 2.0.0 243.00 OK
r-release-windows-x86_64 2.0.0 21.00 337.00 358.00 OK
r-oldrel-macos-arm64 2.0.0 181.00 OK
r-oldrel-macos-x86_64 2.0.0 410.00 OK
r-oldrel-windows-x86_64 2.0.0 30.00 435.00 465.00 OK

Check Details

Version: 2.0.0
Check: Rd cross-references
Result: NOTE Found the following Rd file(s) with Rd \link{} targets missing package anchors: classtable.Rd: confusionMatrix Please provide package anchors for all Rd \link{} targets not in the package itself and the base packages. Flavor: r-devel-windows-x86_64