CRAN Package Check Results for Package ExtractTrainData

Last updated on 2023-01-29 16:54:56 CET.

Flavor Version Tinstall Tcheck Ttotal Status Flags
r-devel-linux-x86_64-debian-clang 9.1.5 29.05 264.57 293.62 NOTE
r-devel-linux-x86_64-debian-gcc 9.1.5 23.05 195.00 218.05 NOTE
r-devel-linux-x86_64-fedora-clang 9.1.5 377.17 NOTE
r-devel-linux-x86_64-fedora-gcc 9.1.5 371.47 NOTE
r-devel-windows-x86_64 9.1.5 36.00 273.00 309.00 NOTE
r-patched-linux-x86_64 9.1.5 26.87 260.28 287.15 NOTE
r-release-linux-x86_64 9.1.5 26.33 262.55 288.88 NOTE
r-release-macos-arm64 9.1.5 66.00 NOTE
r-release-macos-x86_64 9.1.5 105.00 NOTE
r-release-windows-x86_64 9.1.5 39.00 268.00 307.00 NOTE
r-oldrel-macos-arm64 9.1.5 42.00 NOTE
r-oldrel-macos-x86_64 9.1.5 73.00 NOTE
r-oldrel-windows-ix86+x86_64 9.1.5 63.00 263.00 326.00 NOTE

Check Details

Version: 9.1.5
Check: LazyData
Result: NOTE
     'LazyData' is specified without a 'data' directory
Flavors: r-devel-linux-x86_64-debian-clang, r-devel-linux-x86_64-debian-gcc, r-devel-linux-x86_64-fedora-clang, r-devel-linux-x86_64-fedora-gcc, r-devel-windows-x86_64, r-patched-linux-x86_64, r-release-linux-x86_64, r-release-macos-arm64, r-release-macos-x86_64, r-release-windows-x86_64, r-oldrel-macos-arm64, r-oldrel-macos-x86_64, r-oldrel-windows-ix86+x86_64