Last updated on 2023-02-08 15:52:39 CET.
Flavor | Version | Tinstall | Tcheck | Ttotal | Status | Flags |
---|---|---|---|---|---|---|
r-devel-linux-x86_64-debian-clang | 0.8.0 | 35.70 | 469.11 | 504.81 | OK | |
r-devel-linux-x86_64-debian-gcc | 0.8.0 | 28.33 | 339.22 | 367.55 | OK | |
r-devel-linux-x86_64-fedora-clang | 0.8.0 | 459.54 | NOTE | |||
r-devel-linux-x86_64-fedora-gcc | 0.8.0 | 615.38 | OK | |||
r-devel-windows-x86_64 | 0.8.0 | 98.00 | 569.00 | 667.00 | OK | |
r-patched-linux-x86_64 | 0.8.0 | 32.54 | 437.37 | 469.91 | OK | |
r-release-linux-x86_64 | 0.8.0 | 32.34 | 375.67 | 408.01 | OK | |
r-release-macos-arm64 | 0.8.0 | 151.00 | NOTE | |||
r-release-macos-x86_64 | 0.8.0 | 215.00 | OK | |||
r-release-windows-x86_64 | 0.8.0 | 72.00 | 512.00 | 584.00 | OK | |
r-oldrel-macos-arm64 | 0.8.0 | 156.00 | NOTE | |||
r-oldrel-macos-x86_64 | 0.8.0 | 234.00 | OK | |||
r-oldrel-windows-ix86+x86_64 | 0.8.0 | 71.00 | 581.00 | 652.00 | OK |
Version: 0.8.0
Check: installed package size
Result: NOTE
installed size is 5.0Mb
sub-directories of 1Mb or more:
doc 3.5Mb
images 1.1Mb
Flavors: r-devel-linux-x86_64-fedora-clang, r-release-macos-arm64, r-oldrel-macos-arm64