CRAN Package Check Results for Package ExPanDaR

Last updated on 2020-11-30 03:47:40 CET.

Flavor Version Tinstall Tcheck Ttotal Status Flags
r-devel-linux-x86_64-debian-clang 0.5.1 11.61 114.17 125.78 NOTE
r-devel-linux-x86_64-debian-gcc 0.5.1 7.94 85.59 93.53 NOTE
r-devel-linux-x86_64-fedora-clang 0.5.1 154.11 NOTE
r-devel-linux-x86_64-fedora-gcc 0.5.1 142.81 NOTE
r-devel-windows-ix86+x86_64 0.5.1 19.00 138.00 157.00 OK
r-patched-linux-x86_64 0.5.1 10.46 109.73 120.19 NOTE
r-patched-solaris-x86 0.5.1 235.70 NOTE
r-release-linux-x86_64 0.5.1 10.48 109.83 120.31 NOTE
r-release-macos-x86_64 0.5.1 OK
r-release-windows-ix86+x86_64 0.5.1 16.00 103.00 119.00 OK
r-oldrel-macos-x86_64 0.5.1 OK
r-oldrel-windows-ix86+x86_64 0.5.1 13.00 110.00 123.00 OK

Check Details

Version: 0.5.1
Check: package dependencies
Result: NOTE
    Package suggested but not available for checking: 'wbstats'
Flavors: r-devel-linux-x86_64-debian-clang, r-devel-linux-x86_64-debian-gcc, r-devel-linux-x86_64-fedora-clang, r-devel-linux-x86_64-fedora-gcc, r-patched-linux-x86_64, r-patched-solaris-x86, r-release-linux-x86_64

Version: 0.5.1
Check: Rd cross-references
Result: NOTE
    Unknown package 'wbstats' in Rd xrefs
Flavors: r-devel-linux-x86_64-debian-clang, r-devel-linux-x86_64-debian-gcc, r-devel-linux-x86_64-fedora-clang, r-devel-linux-x86_64-fedora-gcc, r-patched-linux-x86_64, r-patched-solaris-x86, r-release-linux-x86_64