Last updated on 2023-02-02 15:54:27 CET.
Flavor | Version | Tinstall | Tcheck | Ttotal | Status | Flags |
---|---|---|---|---|---|---|
r-devel-linux-x86_64-debian-clang | 0.3.2 | 13.98 | 308.92 | 322.90 | OK | |
r-devel-linux-x86_64-debian-gcc | 0.3.2 | 9.41 | 221.20 | 230.61 | OK | |
r-devel-linux-x86_64-fedora-clang | 0.3.2 | 408.39 | NOTE | |||
r-devel-linux-x86_64-fedora-gcc | 0.3.2 | 418.50 | OK | |||
r-devel-windows-x86_64 | 0.3.2 | 66.00 | 379.00 | 445.00 | NOTE | |
r-patched-linux-x86_64 | 0.3.2 | 19.68 | 291.38 | 311.06 | OK | |
r-release-linux-x86_64 | 0.3.2 | 9.53 | 267.76 | 277.29 | OK | |
r-release-macos-arm64 | 0.3.2 | 146.00 | NOTE | |||
r-release-macos-x86_64 | 0.3.2 | 164.00 | NOTE | |||
r-release-windows-x86_64 | 0.3.2 | 57.00 | 351.00 | 408.00 | NOTE | |
r-oldrel-macos-arm64 | 0.3.2 | 10.00 | ERROR | |||
r-oldrel-macos-x86_64 | 0.3.2 | 12.00 | ERROR | |||
r-oldrel-windows-ix86+x86_64 | 0.3.2 | 31.00 | 335.00 | 366.00 | NOTE |
Version: 0.3.2
Check: installed package size
Result: NOTE
installed size is 6.8Mb
sub-directories of 1Mb or more:
data 2.5Mb
doc 1.6Mb
extdata 2.4Mb
Flavors: r-devel-linux-x86_64-fedora-clang, r-devel-windows-x86_64, r-release-macos-arm64, r-release-macos-x86_64, r-release-windows-x86_64, r-oldrel-windows-ix86+x86_64
Version: 0.3.2
Check: package dependencies
Result: ERROR
Package required and available but unsuitable version: ‘ggtree’
See section ‘The DESCRIPTION file’ in the ‘Writing R Extensions’
manual.
Flavors: r-oldrel-macos-arm64, r-oldrel-macos-x86_64