Last updated on 2022-06-26 03:50:00 CEST.
Flavor | Version | Tinstall | Tcheck | Ttotal | Status | Flags |
---|---|---|---|---|---|---|
r-devel-linux-x86_64-debian-clang | 2.1.0 | 10.77 | 262.62 | 273.39 | OK | |
r-devel-linux-x86_64-debian-gcc | 2.1.0 | 8.79 | 198.94 | 207.73 | OK | |
r-devel-linux-x86_64-fedora-clang | 2.1.0 | 338.87 | NOTE | |||
r-devel-linux-x86_64-fedora-gcc | 2.1.0 | 342.51 | NOTE | |||
r-devel-windows-x86_64 | 2.1.0 | 82.00 | 348.00 | 430.00 | OK | |
r-patched-linux-x86_64 | 2.1.0 | 13.88 | 260.87 | 274.75 | OK | |
r-release-linux-x86_64 | 2.1.0 | 10.87 | 248.91 | 259.78 | OK | |
r-release-macos-arm64 | 2.1.0 | 105.00 | NOTE | |||
r-release-macos-x86_64 | 2.1.0 | 164.00 | NOTE | |||
r-release-windows-x86_64 | 2.1.0 | 78.00 | 361.00 | 439.00 | OK | |
r-oldrel-macos-arm64 | 2.1.0 | 122.00 | NOTE | |||
r-oldrel-macos-x86_64 | 2.1.0 | 182.00 | NOTE | |||
r-oldrel-windows-ix86+x86_64 | 2.1.0 | 24.00 | 347.00 | 371.00 | OK |
Version: 2.1.0
Check: dependencies in R code
Result: NOTE
Namespace in Imports field not imported from: ‘matrixStats’
All declared Imports should be used.
Flavors: r-devel-linux-x86_64-fedora-clang, r-devel-linux-x86_64-fedora-gcc, r-release-macos-arm64, r-release-macos-x86_64, r-oldrel-macos-arm64, r-oldrel-macos-x86_64