CRAN Package Check Results for Package EquiSurv

Last updated on 2022-07-04 15:54:41 CEST.

Flavor Version Tinstall Tcheck Ttotal Status Flags
r-devel-linux-x86_64-debian-clang 0.1.0 8.57 105.96 114.53 NOTE
r-devel-linux-x86_64-debian-gcc 0.1.0 6.07 79.23 85.30 NOTE
r-devel-linux-x86_64-fedora-clang 0.1.0 145.66 NOTE
r-devel-linux-x86_64-fedora-gcc 0.1.0 145.45 NOTE
r-devel-windows-x86_64 0.1.0 15.00 128.00 143.00 NOTE
r-patched-linux-x86_64 0.1.0 6.54 98.46 105.00 NOTE
r-release-linux-x86_64 0.1.0 7.35 99.37 106.72 NOTE
r-release-macos-arm64 0.1.0 39.00 NOTE
r-release-macos-x86_64 0.1.0 57.00 NOTE
r-release-windows-x86_64 0.1.0 15.00 125.00 140.00 NOTE
r-oldrel-macos-arm64 0.1.0 46.00 NOTE
r-oldrel-macos-x86_64 0.1.0 80.00 NOTE
r-oldrel-windows-ix86+x86_64 0.1.0 17.00 126.00 143.00 NOTE

Check Details

Version: 0.1.0
Check: LazyData
Result: NOTE
     'LazyData' is specified without a 'data' directory
Flavors: r-devel-linux-x86_64-debian-clang, r-devel-linux-x86_64-debian-gcc, r-devel-linux-x86_64-fedora-clang, r-devel-linux-x86_64-fedora-gcc, r-devel-windows-x86_64, r-patched-linux-x86_64, r-release-linux-x86_64, r-release-macos-arm64, r-release-macos-x86_64, r-release-windows-x86_64, r-oldrel-macos-arm64, r-oldrel-macos-x86_64, r-oldrel-windows-ix86+x86_64