CRAN Package Check Results for Package EpiReport

Last updated on 2020-09-27 03:46:31 CEST.

Flavor Version Tinstall Tcheck Ttotal Status Flags
r-devel-linux-x86_64-debian-clang 0.1.1 5.89 65.78 71.67 OK
r-devel-linux-x86_64-debian-gcc 0.1.1 4.69 50.05 54.74 OK
r-devel-linux-x86_64-fedora-clang 0.1.1 91.65 NOTE
r-devel-linux-x86_64-fedora-gcc 0.1.1 96.45 NOTE
r-devel-windows-ix86+x86_64 0.1.1 10.00 93.00 103.00 OK
r-patched-linux-x86_64 0.1.1 6.28 63.03 69.31 OK
r-patched-solaris-x86 0.1.1 137.10 NOTE
r-release-linux-x86_64 0.1.1 4.56 62.83 67.39 OK
r-release-macos-x86_64 0.1.1 NOTE
r-release-windows-ix86+x86_64 0.1.1 25.00 94.00 119.00 OK
r-oldrel-macos-x86_64 0.1.1 NOTE
r-oldrel-windows-ix86+x86_64 0.1.1 9.00 91.00 100.00 OK

Check Details

Version: 0.1.1
Check: dependencies in R code
Result: NOTE
    Namespaces in Imports field not imported from:
     ‘extrafont’ ‘graphics’ ‘knitr’ ‘rmarkdown’ ‘utils’
     All declared Imports should be used.
Flavors: r-devel-linux-x86_64-fedora-clang, r-devel-linux-x86_64-fedora-gcc, r-patched-solaris-x86, r-release-macos-x86_64, r-oldrel-macos-x86_64