CRAN Package Check Results for Package EpiForsk

Last updated on 2024-07-21 15:53:32 CEST.

Flavor Version Tinstall Tcheck Ttotal Status Flags
r-devel-linux-x86_64-debian-clang 0.1.1 18.82 172.69 191.51 OK
r-devel-linux-x86_64-debian-gcc 0.1.1 13.95 125.62 139.57 NOTE
r-devel-linux-x86_64-fedora-clang 0.1.1 228.22 NOTE
r-devel-linux-x86_64-fedora-gcc 0.1.1 236.08 OK
r-devel-windows-x86_64 0.1.1 17.00 137.00 154.00 NOTE
r-patched-linux-x86_64 0.1.1 21.24 162.24 183.48 OK
r-release-linux-x86_64 0.1.1 10.85 162.01 172.86 OK
r-release-macos-arm64 0.1.1 67.00 OK
r-release-macos-x86_64 0.1.1 103.00 OK
r-release-windows-x86_64 0.1.1 16.00 133.00 149.00 OK
r-oldrel-macos-arm64 0.1.1 73.00 OK
r-oldrel-macos-x86_64 0.1.1 146.00 OK
r-oldrel-windows-x86_64 0.1.1 20.00 167.00 187.00 OK

Check Details

Version: 0.1.1
Check: Rd cross-references
Result: NOTE Found the following Rd file(s) with Rd \link{} targets missing package anchors: DiscreteCovariatesToOneHot.Rd: dplyr_tidy_select charlson_score.Rd: dplyr_data_masking flatten_date_intervals.Rd: dplyr_tidy_select, dplyr_data_masking lms.Rd: dplyr_data_masking Please provide package anchors for all Rd \link{} targets not in the package itself and the base packages. Flavors: r-devel-linux-x86_64-debian-gcc, r-devel-windows-x86_64

Version: 0.1.1
Check: package dependencies
Result: NOTE Imports includes 23 non-default packages. Importing from so many packages makes the package vulnerable to any of them becoming unavailable. Move as many as possible to Suggests and use conditionally. Flavor: r-devel-linux-x86_64-fedora-clang