CRAN Package Check Results for Package EnvNicheR

Last updated on 2023-01-29 16:54:55 CET.

Flavor Version Tinstall Tcheck Ttotal Status Flags
r-devel-linux-x86_64-debian-clang 1.4 3.30 34.13 37.43 NOTE
r-devel-linux-x86_64-debian-gcc 1.4 2.44 26.91 29.35 NOTE
r-devel-linux-x86_64-fedora-clang 1.4 46.98 NOTE
r-devel-linux-x86_64-fedora-gcc 1.4 47.33 NOTE
r-devel-windows-x86_64 1.4 5.00 64.00 69.00 OK
r-patched-linux-x86_64 1.4 2.51 34.58 37.09 NOTE
r-release-linux-x86_64 1.4 2.77 35.01 37.78 NOTE
r-release-macos-arm64 1.4 19.00 OK
r-release-macos-x86_64 1.4 27.00 OK
r-release-windows-x86_64 1.4 15.00 64.00 79.00 OK
r-oldrel-macos-arm64 1.4 26.00 OK
r-oldrel-macos-x86_64 1.4 36.00 OK
r-oldrel-windows-ix86+x86_64 1.4 7.00 61.00 68.00 OK

Check Details

Version: 1.4
Check: for non-standard things in the check directory
Result: NOTE
    Found the following files/directories:
     ‘Environmental variables.csv’ ‘Inf.txt’ ‘List of species.csv’ ‘Mean
     overlap among taxa.csv’ ‘Overlap among taxa.csv’ ‘Pointsize.dat’
     ‘Polar coordinates.csv’
Flavors: r-devel-linux-x86_64-debian-clang, r-devel-linux-x86_64-debian-gcc, r-devel-linux-x86_64-fedora-clang, r-devel-linux-x86_64-fedora-gcc, r-patched-linux-x86_64, r-release-linux-x86_64