Last updated on 2023-06-07 04:03:58 CEST.
Flavor | Version | Tinstall | Tcheck | Ttotal | Status | Flags |
---|---|---|---|---|---|---|
r-devel-linux-x86_64-debian-clang | 1.0.4 | 16.27 | 152.76 | 169.03 | OK | |
r-devel-linux-x86_64-debian-gcc | 1.0.4 | 13.84 | 111.78 | 125.62 | OK | |
r-devel-linux-x86_64-fedora-clang | 1.0.4 | 207.88 | OK | |||
r-devel-linux-x86_64-fedora-gcc | 1.0.4 | 197.82 | OK | |||
r-devel-windows-x86_64 | 1.0.4 | 19.00 | 120.00 | 139.00 | OK | |
r-patched-linux-x86_64 | 1.0.4 | 14.03 | 140.23 | 154.26 | OK | |
r-release-linux-x86_64 | 1.0.4 | 12.07 | 139.85 | 151.92 | OK | |
r-release-macos-arm64 | 1.0.4 | 59.00 | NOTE | |||
r-release-macos-x86_64 | 1.0.4 | 94.00 | NOTE | |||
r-release-windows-x86_64 | 1.0.4 | 22.00 | 149.00 | 171.00 | OK | |
r-oldrel-macos-arm64 | 1.0.4 | 41.00 | NOTE | |||
r-oldrel-macos-x86_64 | 1.0.4 | 60.00 | NOTE | |||
r-oldrel-windows-x86_64 | 1.0.4 | 22.00 | 148.00 | 170.00 | OK |
Version: 1.0.4
Check: package dependencies
Result: NOTE
Package suggested but not available for checking: ‘Rmpi’
Flavors: r-release-macos-arm64, r-release-macos-x86_64, r-oldrel-macos-arm64, r-oldrel-macos-x86_64