Last updated on 2023-04-02 03:51:24 CEST.
Flavor | Version | Tinstall | Tcheck | Ttotal | Status | Flags |
---|---|---|---|---|---|---|
r-devel-linux-x86_64-debian-clang | 1.0.3 | 799.53 | 163.37 | 962.90 | OK | |
r-devel-linux-x86_64-debian-gcc | 1.0.3 | 594.20 | 145.03 | 739.23 | OK | |
r-devel-linux-x86_64-fedora-clang | 1.0.3 | 1131.42 | NOTE | |||
r-devel-linux-x86_64-fedora-gcc | 1.0.3 | 1324.78 | NOTE | |||
r-devel-windows-x86_64 | 1.0.3 | 480.00 | 284.00 | 764.00 | NOTE | |
r-patched-linux-x86_64 | 1.0.3 | 605.27 | 192.21 | 797.48 | OK | |
r-release-linux-x86_64 | 1.0.2 | 467.38 | 183.33 | 650.71 | OK | |
r-release-macos-arm64 | 1.0.2 | 274.00 | NOTE | |||
r-release-macos-x86_64 | 1.0.3 | 410.00 | NOTE | |||
r-release-windows-x86_64 | 1.0.3 | 372.00 | 289.00 | 661.00 | NOTE | |
r-oldrel-macos-arm64 | 1.0.2 | 247.00 | NOTE | |||
r-oldrel-macos-x86_64 | 1.0.3 | 407.00 | NOTE | |||
r-oldrel-windows-ix86+x86_64 | 1.0.3 | 844.00 | 299.00 | 1143.00 | NOTE |
Version: 1.0.3
Check: installed package size
Result: NOTE
installed size is 7.9Mb
sub-directories of 1Mb or more:
libs 6.8Mb
Flavors: r-devel-linux-x86_64-fedora-clang, r-devel-windows-x86_64, r-release-macos-x86_64, r-release-windows-x86_64, r-oldrel-macos-x86_64, r-oldrel-windows-ix86+x86_64
Version: 1.0.3
Check: dependencies in R code
Result: NOTE
Namespaces in Imports field not imported from:
‘RcppParallel’ ‘rstantools’
All declared Imports should be used.
Flavors: r-devel-linux-x86_64-fedora-clang, r-devel-linux-x86_64-fedora-gcc
Version: 1.0.3
Check: for GNU extensions in Makefiles
Result: NOTE
GNU make is a SystemRequirements.
Flavors: r-devel-linux-x86_64-fedora-clang, r-devel-linux-x86_64-fedora-gcc, r-release-macos-x86_64, r-oldrel-macos-x86_64
Version: 1.0.2
Check: installed package size
Result: NOTE
installed size is 106.5Mb
sub-directories of 1Mb or more:
libs 105.4Mb
Flavors: r-release-macos-arm64, r-oldrel-macos-arm64
Version: 1.0.2
Check: for GNU extensions in Makefiles
Result: NOTE
GNU make is a SystemRequirements.
Flavors: r-release-macos-arm64, r-oldrel-macos-arm64