Last updated on 2022-06-26 03:50:00 CEST.
Flavor | Version | Tinstall | Tcheck | Ttotal | Status | Flags |
---|---|---|---|---|---|---|
r-devel-linux-x86_64-debian-clang | 3.1.1 | 4.78 | 433.29 | 438.07 | OK | |
r-devel-linux-x86_64-debian-gcc | 3.1.1 | 3.95 | 377.94 | 381.89 | OK | |
r-devel-linux-x86_64-fedora-clang | 3.1.1 | 559.10 | WARN | |||
r-devel-linux-x86_64-fedora-gcc | 3.1.1 | 457.75 | WARN | |||
r-devel-windows-x86_64 | 3.1.1 | 16.00 | 493.00 | 509.00 | OK | |
r-patched-linux-x86_64 | 3.1.1 | 4.17 | 447.52 | 451.69 | OK | |
r-release-linux-x86_64 | 3.1.1 | 6.30 | 404.80 | 411.10 | OK | |
r-release-macos-arm64 | 3.1.1 | 281.00 | NOTE | |||
r-release-macos-x86_64 | 3.1.1 | 194.00 | NOTE | |||
r-release-windows-x86_64 | 3.1.1 | 15.00 | 500.00 | 515.00 | OK | |
r-oldrel-macos-arm64 | 3.1.1 | 286.00 | NOTE | |||
r-oldrel-macos-x86_64 | 3.1.1 | 258.00 | NOTE | |||
r-oldrel-windows-ix86+x86_64 | 3.1.1 | 11.00 | 681.00 | 692.00 | OK |
Version: 3.1.1
Check: package dependencies
Result: WARN
Requires (indirectly) orphaned package: ‘gtools’
Flavors: r-devel-linux-x86_64-fedora-clang, r-devel-linux-x86_64-fedora-gcc
Version: 3.1.1
Check: dependencies in R code
Result: NOTE
Namespace in Imports field not imported from: ‘BiocStyle’
All declared Imports should be used.
Flavors: r-devel-linux-x86_64-fedora-clang, r-devel-linux-x86_64-fedora-gcc, r-release-macos-arm64, r-release-macos-x86_64, r-oldrel-macos-arm64, r-oldrel-macos-x86_64