CRAN Package Check Results for Package ERSA

Last updated on 2022-08-18 03:58:19 CEST.

Flavor Version Tinstall Tcheck Ttotal Status Flags
r-devel-linux-x86_64-debian-clang 0.1.3 9.03 84.18 93.21 NOTE
r-devel-linux-x86_64-debian-gcc 0.1.3 NOTE
r-devel-linux-x86_64-fedora-clang 0.1.3 117.81 NOTE
r-devel-linux-x86_64-fedora-gcc 0.1.3 121.69 NOTE
r-devel-windows-x86_64 0.1.3 16.00 111.00 127.00 NOTE
r-patched-linux-x86_64 0.1.3 7.19 77.79 84.98 NOTE
r-release-linux-x86_64 0.1.3 8.68 78.21 86.89 NOTE
r-release-macos-arm64 0.1.3 37.00 NOTE
r-release-macos-x86_64 0.1.3 59.00 NOTE
r-release-windows-x86_64 0.1.3 17.00 110.00 127.00 NOTE
r-oldrel-macos-arm64 0.1.3 48.00 NOTE
r-oldrel-macos-x86_64 0.1.3 58.00 NOTE
r-oldrel-windows-ix86+x86_64 0.1.3 21.00 109.00 130.00 NOTE

Check Details

Version: 0.1.3
Check: LazyData
Result: NOTE
     'LazyData' is specified without a 'data' directory
Flavors: r-devel-linux-x86_64-debian-clang, r-devel-linux-x86_64-debian-gcc, r-devel-linux-x86_64-fedora-clang, r-devel-linux-x86_64-fedora-gcc, r-devel-windows-x86_64, r-patched-linux-x86_64, r-release-linux-x86_64, r-release-macos-arm64, r-release-macos-x86_64, r-release-windows-x86_64, r-oldrel-macos-arm64, r-oldrel-macos-x86_64, r-oldrel-windows-ix86+x86_64