CRAN Package Check Results for Package ERP

Last updated on 2024-03-02 02:48:37 CET.

Flavor Version Tinstall Tcheck Ttotal Status Flags
r-devel-linux-x86_64-debian-clang 2.2 8.24 213.99 222.23 NOTE
r-devel-linux-x86_64-debian-gcc 2.2 8.13 197.67 205.80 NOTE
r-devel-linux-x86_64-fedora-clang 2.2 281.51 NOTE
r-devel-linux-x86_64-fedora-gcc 2.2 342.96 NOTE
r-devel-windows-x86_64 2.2 9.00 199.00 208.00 OK
r-patched-linux-x86_64 2.2 9.84 256.84 266.68 OK
r-release-linux-x86_64 2.2 10.63 238.77 249.40 OK
r-release-macos-arm64 2.2 168.00 OK
r-release-macos-x86_64 2.2 228.00 OK
r-release-windows-x86_64 2.2 12.00 268.00 280.00 OK
r-oldrel-macos-arm64 2.2 146.00 OK
r-oldrel-windows-x86_64 2.2 12.00 269.00 281.00 OK

Check Details

Version: 2.2
Check: Rd files
Result: NOTE checkRd: (-1) ifa.Rd:16: Lost braces; missing escapes or markup? 16 | If Sigma has the q-factor decomposition Sigma=diag(Psi)+BB', then Sigma^{-1} | ^ checkRd: (-1) ifa.Rd:17: Lost braces; missing escapes or markup? 17 | has the corresponding q-factor decomposition Sigma^{-1}=diag(phi)(I-theta theta')diag(phi), where theta is a mxq matrix and phi the vector of | ^ checkRd: (-1) ifa.Rd:21: Lost braces; missing escapes or markup? 21 | \item{iSB}{m x q matrix (diag(Psi)+BB')^{-1}B.} | ^ checkRd: (-1) isqrtfa.Rd:15: Lost braces; missing escapes or markup? 15 | If Sigma has the q-factor decomposition Sigma=diag(Psi)+BB', then the function returns a matrix Omega such that Sigma^{-1} = Omega Omega'. Equivalently, | ^ Flavors: r-devel-linux-x86_64-debian-clang, r-devel-linux-x86_64-debian-gcc, r-devel-linux-x86_64-fedora-clang, r-devel-linux-x86_64-fedora-gcc