CRAN Package Check Results for Package EMMIXgene

Last updated on 2022-10-07 03:55:52 CEST.

Flavor Version Tinstall Tcheck Ttotal Status Flags
r-devel-linux-x86_64-debian-clang 0.1.3 63.70 93.34 157.04 OK
r-devel-linux-x86_64-debian-gcc 0.1.3 50.20 66.61 116.81 OK
r-devel-linux-x86_64-fedora-clang 0.1.3 212.55 OK
r-devel-linux-x86_64-fedora-gcc 0.1.3 202.72 OK
r-devel-windows-x86_64 0.1.3 117.00 133.00 250.00 OK
r-patched-linux-x86_64 0.1.3 53.84 86.86 140.70 OK
r-release-linux-x86_64 0.1.3 56.37 87.67 144.04 OK
r-release-macos-arm64 0.1.3 54.00 NOTE
r-release-macos-x86_64 0.1.3 87.00 NOTE
r-release-windows-x86_64 0.1.3 58.00 133.00 191.00 OK
r-oldrel-macos-arm64 0.1.3 61.00 NOTE
r-oldrel-macos-x86_64 0.1.3 74.00 NOTE
r-oldrel-windows-ix86+x86_64 0.1.3 156.00 172.00 328.00 NOTE

Check Details

Version: 0.1.3
Check: installed package size
Result: NOTE
     installed size is 6.8Mb
     sub-directories of 1Mb or more:
     data 2.0Mb
     libs 4.0Mb
Flavors: r-release-macos-arm64, r-release-macos-x86_64, r-oldrel-macos-arm64, r-oldrel-macos-x86_64, r-oldrel-windows-ix86+x86_64