Last updated on 2022-06-25 15:51:20 CEST.
Flavor | Version | Tinstall | Tcheck | Ttotal | Status | Flags |
---|---|---|---|---|---|---|
r-devel-linux-x86_64-debian-clang | 0.2-13 | 29.03 | 86.75 | 115.78 | NOTE | |
r-devel-linux-x86_64-debian-gcc | 0.2-13 | 20.16 | 66.48 | 86.64 | NOTE | |
r-devel-linux-x86_64-fedora-clang | 0.2-13 | 151.24 | NOTE | |||
r-devel-linux-x86_64-fedora-gcc | 0.2-13 | 149.57 | NOTE | |||
r-devel-windows-x86_64 | 0.2-13 | 115.00 | 137.00 | 252.00 | NOTE | |
r-patched-linux-x86_64 | 0.2-13 | 23.19 | 83.72 | 106.91 | NOTE | |
r-release-linux-x86_64 | 0.2-13 | 21.89 | 83.18 | 105.07 | NOTE | |
r-release-macos-arm64 | 0.2-13 | 48.00 | NOTE | |||
r-release-macos-x86_64 | 0.2-13 | 65.00 | NOTE | |||
r-release-windows-x86_64 | 0.2-13 | 140.00 | 135.00 | 275.00 | NOTE | |
r-oldrel-macos-arm64 | 0.2-13 | 62.00 | OK | |||
r-oldrel-macos-x86_64 | 0.2-13 | 89.00 | OK | |||
r-oldrel-windows-ix86+x86_64 | 0.2-13 | 97.00 | 146.00 | 243.00 | OK |
Version: 0.2-13
Check: package dependencies
Result: NOTE
Package which this enhances but not available for checking: 'PPtree'
Flavors: r-devel-linux-x86_64-debian-clang, r-devel-linux-x86_64-debian-gcc, r-devel-linux-x86_64-fedora-clang, r-devel-linux-x86_64-fedora-gcc, r-devel-windows-x86_64, r-patched-linux-x86_64, r-release-linux-x86_64, r-release-macos-arm64, r-release-macos-x86_64, r-release-windows-x86_64