CRAN Package Check Results for Package EMA

Last updated on 2020-09-29 03:48:20 CEST.

Flavor Version Tinstall Tcheck Ttotal Status Flags
r-devel-linux-x86_64-debian-clang 1.4.7 29.76 261.11 290.87 OK
r-devel-linux-x86_64-debian-gcc 1.4.7 23.87 193.31 217.18 OK
r-devel-linux-x86_64-fedora-clang 1.4.7 394.96 OK
r-devel-linux-x86_64-fedora-gcc 1.4.7 343.49 OK
r-devel-windows-ix86+x86_64 1.4.7 67.00 297.00 364.00 OK
r-patched-linux-x86_64 1.4.7 30.17 235.76 265.93 OK
r-patched-solaris-x86 1.4.7 461.00 NOTE
r-release-linux-x86_64 1.4.7 28.08 236.69 264.77 OK
r-release-macos-x86_64 1.4.7 NOTE
r-release-windows-ix86+x86_64 1.4.7 71.00 301.00 372.00 OK
r-oldrel-macos-x86_64 1.4.7 NOTE
r-oldrel-windows-ix86+x86_64 1.4.7 62.00 286.00 348.00 OK

Check Details

Version: 1.4.7
Check: package dependencies
Result: NOTE
    Package suggested but not available for checking: ‘lumi’
Flavor: r-patched-solaris-x86

Version: 1.4.7
Check: package dependencies
Result: NOTE
    Packages suggested but not available for checking: 'hgu133plus2.db', 'lumi'
Flavor: r-release-macos-x86_64

Version: 1.4.7
Check: package dependencies
Result: NOTE
    Packages suggested but not available for checking:
     'hgu133plus2.db', 'lumi', 'GO.db'
Flavor: r-oldrel-macos-x86_64