CRAN Package Check Results for Package EKMCMC

Last updated on 2020-10-26 03:48:22 CET.

Flavor Version Tinstall Tcheck Ttotal Status Flags
r-devel-linux-x86_64-debian-clang 0.1.0 2.99 61.37 64.36 NOTE
r-devel-linux-x86_64-debian-gcc 0.1.0 2.71 42.65 45.36 NOTE
r-devel-linux-x86_64-fedora-clang 0.1.0 81.58 NOTE
r-devel-linux-x86_64-fedora-gcc 0.1.0 79.90 NOTE
r-devel-windows-ix86+x86_64 0.1.0 7.00 79.00 86.00 OK
r-patched-linux-x86_64 0.1.0 2.66 59.49 62.15 NOTE
r-patched-solaris-x86 0.1.0 96.20 NOTE
r-release-linux-x86_64 0.1.0 2.99 57.37 60.36 NOTE
r-release-macos-x86_64 0.1.0 OK
r-release-windows-ix86+x86_64 0.1.0 6.00 78.00 84.00 OK
r-oldrel-macos-x86_64 0.1.0 OK
r-oldrel-windows-ix86+x86_64 0.1.0 9.00 76.00 85.00 OK

Check Details

Version: 0.1.0
Check: for non-standard things in the check directory
Result: NOTE
    Found the following files/directories:
     'MM.csv' 'Simul.csv' 'catalytic.csv' 'combined.csv'
Flavors: r-devel-linux-x86_64-debian-clang, r-devel-linux-x86_64-debian-gcc, r-devel-linux-x86_64-fedora-clang, r-devel-linux-x86_64-fedora-gcc, r-patched-linux-x86_64, r-patched-solaris-x86, r-release-linux-x86_64