CRAN Package Check Results for Package EFAtools

Last updated on 2020-09-29 03:48:20 CEST.

Flavor Version Tinstall Tcheck Ttotal Status Flags
r-devel-linux-x86_64-debian-clang 0.2.0 94.54 436.47 531.01 OK
r-devel-linux-x86_64-debian-gcc 0.2.0 71.42 341.76 413.18 OK
r-devel-linux-x86_64-fedora-clang 0.2.0 518.27 NOTE
r-devel-linux-x86_64-fedora-gcc 0.2.0 613.19 OK
r-devel-windows-ix86+x86_64 0.2.0 216.00 486.00 702.00 OK
r-patched-linux-x86_64 0.2.0 85.39 369.37 454.76 OK
r-patched-solaris-x86 0.2.0 656.80 OK
r-release-linux-x86_64 0.2.0 72.12 357.07 429.19 OK
r-release-macos-x86_64 0.2.0 NOTE
r-release-windows-ix86+x86_64 0.2.0 216.00 502.00 718.00 OK
r-oldrel-macos-x86_64 0.2.0 NOTE
r-oldrel-windows-ix86+x86_64 0.2.0 199.00 494.00 693.00 OK

Check Details

Version: 0.2.0
Check: installed package size
Result: NOTE
     installed size is 5.7Mb
     sub-directories of 1Mb or more:
     libs 3.9Mb
Flavors: r-devel-linux-x86_64-fedora-clang, r-release-macos-x86_64, r-oldrel-macos-x86_64