CRAN Package Check Results for Package ECTTDNN

Last updated on 2024-07-16 15:48:10 CEST.

Flavor Version Tinstall Tcheck Ttotal Status Flags
r-devel-linux-x86_64-debian-clang 0.1.0 7.16 67.45 74.61 NOTE
r-devel-linux-x86_64-debian-gcc 0.1.0 6.24 51.48 57.72 NOTE
r-devel-linux-x86_64-fedora-clang 0.1.0 96.05 NOTE
r-devel-linux-x86_64-fedora-gcc 0.1.0 86.98 NOTE
r-devel-windows-x86_64 0.1.0 9.00 67.00 76.00 NOTE
r-patched-linux-x86_64 0.1.0 6.11 65.98 72.09 NOTE
r-release-linux-x86_64 0.1.0 6.28 66.45 72.73 NOTE
r-release-macos-arm64 0.1.0 31.00 NOTE
r-release-macos-x86_64 0.1.0 45.00 NOTE
r-release-windows-x86_64 0.1.0 8.00 69.00 77.00 NOTE
r-oldrel-macos-arm64 0.1.0 33.00 NOTE
r-oldrel-macos-x86_64 0.1.0 47.00 NOTE
r-oldrel-windows-x86_64 0.1.0 10.00 78.00 88.00 NOTE

Check Details

Version: 0.1.0
Check: LazyData
Result: NOTE 'LazyData' is specified without a 'data' directory Flavors: r-devel-linux-x86_64-debian-clang, r-devel-linux-x86_64-debian-gcc, r-devel-linux-x86_64-fedora-clang, r-devel-linux-x86_64-fedora-gcc, r-devel-windows-x86_64, r-patched-linux-x86_64, r-release-linux-x86_64, r-release-macos-arm64, r-release-macos-x86_64, r-release-windows-x86_64, r-oldrel-macos-arm64, r-oldrel-macos-x86_64, r-oldrel-windows-x86_64