CRAN Package Check Results for Package EBEN

Last updated on 2020-09-24 15:48:27 CEST.

Flavor Version Tinstall Tcheck Ttotal Status Flags
r-devel-linux-x86_64-debian-clang 4.6 8.17 28.56 36.73 OK
r-devel-linux-x86_64-debian-gcc 4.6 6.49 22.66 29.15 OK
r-devel-linux-x86_64-fedora-clang 4.6 54.83 NOTE
r-devel-linux-x86_64-fedora-gcc 4.6 50.62 NOTE
r-devel-windows-ix86+x86_64 4.6 20.00 60.00 80.00 OK
r-patched-linux-x86_64 4.6 6.50 27.87 34.37 OK
r-patched-solaris-x86 4.6 72.80 OK
r-release-linux-x86_64 4.6 7.76 27.90 35.66 OK
r-release-macos-x86_64 4.6 OK
r-release-windows-ix86+x86_64 4.6 18.00 54.00 72.00 OK
r-oldrel-macos-x86_64 4.6 OK
r-oldrel-windows-ix86+x86_64 4.6 21.00 75.00 96.00 OK

Check Details

Version: 4.6
Check: compiled code
Result: NOTE
    File ‘EBEN/libs/EBEN.so’:
     Found no calls to: ‘R_registerRoutines’, ‘R_useDynamicSymbols’
    
    It is good practice to register native routines and to disable symbol
    search.
    
    See ‘Writing portable packages’ in the ‘Writing R Extensions’ manual.
Flavors: r-devel-linux-x86_64-fedora-clang, r-devel-linux-x86_64-fedora-gcc