CRAN Package Check Results for Package EBEN

Last updated on 2021-09-19 03:50:59 CEST.

Flavor Version Tinstall Tcheck Ttotal Status Flags
r-devel-linux-x86_64-debian-clang 4.6 8.66 30.84 39.50 OK
r-devel-linux-x86_64-debian-gcc 4.6 6.14 24.13 30.27 OK
r-devel-linux-x86_64-fedora-clang 4.6 58.56 NOTE
r-devel-linux-x86_64-fedora-gcc 4.6 46.33 NOTE
r-devel-windows-x86_64 4.6 10.00 38.00 48.00 OK
r-devel-windows-x86_64-gcc10-UCRT 4.6 ERROR
r-patched-linux-x86_64 4.6 6.87 29.99 36.86 OK
r-patched-solaris-x86 4.6 75.20 OK
r-release-linux-x86_64 4.6 7.03 30.12 37.15 OK
r-release-macos-arm64 4.6 OK
r-release-macos-x86_64 4.6 OK
r-release-windows-ix86+x86_64 4.6 22.00 58.00 80.00 OK
r-oldrel-macos-x86_64 4.6 OK
r-oldrel-windows-ix86+x86_64 4.6 16.00 58.00 74.00 OK

Check Details

Version: 4.6
Check: compiled code
Result: NOTE
    File ‘EBEN/libs/EBEN.so’:
     Found no calls to: ‘R_registerRoutines’, ‘R_useDynamicSymbols’
    
    It is good practice to register native routines and to disable symbol
    search.
    
    See ‘Writing portable packages’ in the ‘Writing R Extensions’ manual.
Flavors: r-devel-linux-x86_64-fedora-clang, r-devel-linux-x86_64-fedora-gcc

Version: 4.6
Check: whether package can be installed
Result: ERROR
    Installation failed.
Flavor: r-devel-windows-x86_64-gcc10-UCRT