CRAN Package Check Results for Package E4tools

Last updated on 2020-10-01 15:48:26 CEST.

Flavor Version Tinstall Tcheck Ttotal Status Flags
r-devel-linux-x86_64-debian-clang 0.1.1 5.50 47.50 53.00 OK
r-devel-linux-x86_64-debian-gcc 0.1.1 3.99 36.14 40.13 OK
r-devel-linux-x86_64-fedora-clang 0.1.1 70.70 NOTE
r-devel-linux-x86_64-fedora-gcc 0.1.1 63.38 NOTE
r-devel-windows-ix86+x86_64 0.1.1 11.00 75.00 86.00 OK
r-patched-linux-x86_64 0.1.1 3.53 44.61 48.14 OK
r-patched-solaris-x86 0.1.1 91.10 NOTE
r-release-linux-x86_64 0.1.1 3.40 44.29 47.69 OK
r-release-macos-x86_64 0.1.1 NOTE
r-release-windows-ix86+x86_64 0.1.1 11.00 76.00 87.00 OK
r-oldrel-macos-x86_64 0.1.1 NOTE
r-oldrel-windows-ix86+x86_64 0.1.1 8.00 71.00 79.00 OK

Check Details

Version: 0.1.1
Check: installed package size
Result: NOTE
     installed size is 5.1Mb
     sub-directories of 1Mb or more:
     extdata 4.8Mb
Flavors: r-devel-linux-x86_64-fedora-clang, r-patched-solaris-x86

Version: 0.1.1
Check: dependencies in R code
Result: NOTE
    Namespace in Imports field not imported from: ‘hms’
     All declared Imports should be used.
Flavors: r-devel-linux-x86_64-fedora-clang, r-devel-linux-x86_64-fedora-gcc, r-patched-solaris-x86, r-release-macos-x86_64, r-oldrel-macos-x86_64