CRAN Package Check Results for Package DynNom

Last updated on 2022-06-25 15:51:19 CEST.

Flavor Version Tinstall Tcheck Ttotal Status Flags
r-devel-linux-x86_64-debian-clang 5.0.1 18.62 146.02 164.64 NOTE
r-devel-linux-x86_64-debian-gcc 5.0.1 14.76 104.96 119.72 NOTE
r-devel-linux-x86_64-fedora-clang 5.0.1 195.48 NOTE
r-devel-linux-x86_64-fedora-gcc 5.0.1 195.51 NOTE
r-devel-windows-x86_64 5.0.1 21.00 157.00 178.00 NOTE
r-patched-linux-x86_64 5.0.1 11.59 131.76 143.35 NOTE
r-release-linux-x86_64 5.0.1 11.39 131.84 143.23 NOTE
r-release-macos-arm64 5.0.1 60.00 NOTE
r-release-macos-x86_64 5.0.1 83.00 NOTE
r-release-windows-x86_64 5.0.1 21.00 158.00 179.00 NOTE
r-oldrel-macos-arm64 5.0.1 57.00 NOTE
r-oldrel-macos-x86_64 5.0.1 103.00 NOTE
r-oldrel-windows-ix86+x86_64 5.0.1 39.00 151.00 190.00 NOTE

Check Details

Version: 5.0.1
Check: LazyData
Result: NOTE
     'LazyData' is specified without a 'data' directory
Flavors: r-devel-linux-x86_64-debian-clang, r-devel-linux-x86_64-debian-gcc, r-devel-linux-x86_64-fedora-clang, r-devel-linux-x86_64-fedora-gcc, r-devel-windows-x86_64, r-patched-linux-x86_64, r-release-linux-x86_64, r-release-macos-arm64, r-release-macos-x86_64, r-release-windows-x86_64, r-oldrel-macos-arm64, r-oldrel-macos-x86_64, r-oldrel-windows-ix86+x86_64