Last updated on 2022-06-28 15:53:15 CEST.
Flavor | Version | Tinstall | Tcheck | Ttotal | Status | Flags |
---|---|---|---|---|---|---|
r-devel-linux-x86_64-debian-clang | 0.1.4 | 26.33 | 225.50 | 251.83 | OK | |
r-devel-linux-x86_64-debian-gcc | 0.1.4 | 19.25 | 213.81 | 233.06 | OK | |
r-devel-linux-x86_64-fedora-clang | 0.1.4 | 281.33 | NOTE | |||
r-devel-linux-x86_64-fedora-gcc | 0.1.4 | 288.68 | NOTE | |||
r-devel-windows-x86_64 | 0.1.4 | 224.00 | 234.00 | 458.00 | OK | |
r-patched-linux-x86_64 | 0.1.4 | 21.20 | 219.38 | 240.58 | OK | |
r-release-linux-x86_64 | 0.1.4 | 18.15 | 218.09 | 236.24 | OK | |
r-release-macos-arm64 | 0.1.4 | 83.00 | NOTE | |||
r-release-macos-x86_64 | 0.1.4 | 130.00 | NOTE | |||
r-release-windows-x86_64 | 0.1.4 | 228.00 | 236.00 | 464.00 | OK | |
r-oldrel-macos-arm64 | 0.1.4 | 88.00 | NOTE | |||
r-oldrel-macos-x86_64 | 0.1.4 | 104.00 | NOTE | |||
r-oldrel-windows-ix86+x86_64 | 0.1.4 | 48.00 | 234.00 | 282.00 | OK |
Version: 0.1.4
Check: data for non-ASCII characters
Result: NOTE
Note: found 8 marked UTF-8 strings
Flavors: r-devel-linux-x86_64-fedora-clang, r-devel-linux-x86_64-fedora-gcc, r-release-macos-arm64, r-release-macos-x86_64, r-oldrel-macos-arm64, r-oldrel-macos-x86_64