CRAN Package Check Results for Package DoE.MIParray

Last updated on 2020-09-27 03:46:30 CEST.

Flavor Version Tinstall Tcheck Ttotal Status Flags
r-devel-linux-x86_64-debian-clang 0.13 6.77 44.02 50.79 NOTE
r-devel-linux-x86_64-debian-gcc 0.13 5.39 34.26 39.65 NOTE
r-devel-linux-x86_64-fedora-clang 0.13 73.51 NOTE
r-devel-linux-x86_64-fedora-gcc 0.13 62.53 NOTE
r-devel-windows-ix86+x86_64 0.13 12.00 66.00 78.00 NOTE
r-patched-linux-x86_64 0.13 5.88 41.88 47.76 NOTE
r-patched-solaris-x86 0.13 81.70 NOTE
r-release-linux-x86_64 0.13 5.43 41.40 46.83 NOTE
r-release-macos-x86_64 0.13 NOTE
r-release-windows-ix86+x86_64 0.13 25.00 66.00 91.00 NOTE
r-oldrel-macos-x86_64 0.13 NOTE
r-oldrel-windows-ix86+x86_64 0.13 10.00 64.00 74.00 NOTE

Check Details

Version: 0.13
Check: package dependencies
Result: NOTE
    Package which this enhances but not available for checking: 'gurobi'
Flavors: r-devel-linux-x86_64-debian-clang, r-devel-linux-x86_64-debian-gcc, r-devel-linux-x86_64-fedora-clang, r-devel-linux-x86_64-fedora-gcc, r-devel-windows-ix86+x86_64, r-patched-linux-x86_64, r-release-linux-x86_64, r-release-macos-x86_64, r-release-windows-ix86+x86_64, r-oldrel-macos-x86_64, r-oldrel-windows-ix86+x86_64

Version: 0.13
Check: package dependencies
Result: NOTE
    Packages which this enhances but not available for checking:
     'gurobi', 'Rmosek'
Flavor: r-patched-solaris-x86