CRAN Package Check Results for Package DistributionUtils

Last updated on 2024-07-24 15:51:35 CEST.

Flavor Version Tinstall Tcheck Ttotal Status Flags
r-devel-linux-x86_64-debian-clang 0.6-1 5.61 35.85 41.46 NOTE
r-devel-linux-x86_64-debian-gcc 0.6-1 3.47 27.32 30.79 NOTE
r-devel-linux-x86_64-fedora-clang 0.6-1 51.73 NOTE
r-devel-linux-x86_64-fedora-gcc 0.6-1 51.69 NOTE
r-devel-windows-x86_64 0.6-1 8.00 55.00 63.00 NOTE
r-patched-linux-x86_64 0.6-1 5.66 35.28 40.94 NOTE
r-release-linux-x86_64 0.6-1 4.78 34.82 39.60 NOTE
r-release-macos-arm64 0.6-1 19.00 NOTE
r-release-macos-x86_64 0.6-1 33.00 NOTE
r-release-windows-x86_64 0.6-1 7.00 53.00 60.00 NOTE
r-oldrel-macos-arm64 0.6-1 23.00 OK
r-oldrel-macos-x86_64 0.6-1 58.00 OK
r-oldrel-windows-x86_64 0.6-1 6.00 58.00 64.00 OK

Check Details

Version: 0.6-1
Check: Rd files
Result: NOTE checkRd: (-1) moranTest.Rd:37: Lost braces; missing escapes or markup? 37 | {M(theta)=-(log(y_1-y_0)+log(y_2-y_1)+...+log(y_m-y_m-1))} | ^ Flavors: r-devel-linux-x86_64-debian-clang, r-devel-linux-x86_64-debian-gcc, r-devel-linux-x86_64-fedora-clang, r-devel-linux-x86_64-fedora-gcc, r-devel-windows-x86_64, r-patched-linux-x86_64, r-release-linux-x86_64, r-release-macos-arm64, r-release-macos-x86_64, r-release-windows-x86_64