CRAN Package Check Results for Package DiscreteFDR

Last updated on 2021-01-26 15:49:43 CET.

Flavor Version Tinstall Tcheck Ttotal Status Flags
r-devel-linux-x86_64-debian-clang 1.3-4 23.23 45.07 68.30 OK
r-devel-linux-x86_64-debian-gcc 1.3-4 16.48 34.88 51.36 OK
r-devel-linux-x86_64-fedora-clang 1.3-4 100.22 NOTE
r-devel-linux-x86_64-fedora-gcc 1.3-4 88.49 OK
r-devel-windows-ix86+x86_64 1.3-4 56.00 91.00 147.00 OK
r-patched-linux-x86_64 1.3-4 20.09 43.66 63.75 OK
r-patched-solaris-x86 1.3-4 107.60 OK
r-release-linux-x86_64 1.3-4 18.62 43.82 62.44 OK
r-release-macos-x86_64 1.3-4 OK
r-release-windows-ix86+x86_64 1.3-4 57.00 69.00 126.00 OK
r-oldrel-macos-x86_64 1.3-4 OK
r-oldrel-windows-ix86+x86_64 1.3-4 44.00 73.00 117.00 OK

Check Details

Version: 1.3-4
Check: Rd cross-references
Result: NOTE
    Undeclared package ‘discreteMTP’ in Rd xrefs
Flavor: r-devel-linux-x86_64-fedora-clang