CRAN Package Check Results for Package Directional

Last updated on 2020-09-24 15:48:27 CEST.

Flavor Version Tinstall Tcheck Ttotal Status Flags
r-devel-linux-x86_64-debian-clang 4.4 15.59 111.01 126.60 OK
r-devel-linux-x86_64-debian-gcc 4.4 11.46 82.23 93.69 OK
r-devel-linux-x86_64-fedora-clang 4.4 157.98 NOTE
r-devel-linux-x86_64-fedora-gcc 4.4 175.03 NOTE
r-devel-windows-ix86+x86_64 4.4 32.00 138.00 170.00 OK
r-patched-linux-x86_64 4.4 14.25 104.06 118.31 OK
r-patched-solaris-x86 4.4 180.70 NOTE
r-release-linux-x86_64 4.4 14.53 104.03 118.56 OK
r-release-macos-x86_64 4.4 NOTE
r-release-windows-ix86+x86_64 4.4 32.00 162.00 194.00 OK
r-oldrel-macos-x86_64 4.4 WARN
r-oldrel-windows-ix86+x86_64 4.4 17.00 97.00 114.00 OK

Check Details

Version: 4.4
Check: dependencies in R code
Result: NOTE
    Namespace in Imports field not imported from: ‘MASS’
     All declared Imports should be used.
Flavors: r-devel-linux-x86_64-fedora-clang, r-devel-linux-x86_64-fedora-gcc, r-patched-solaris-x86, r-release-macos-x86_64, r-oldrel-macos-x86_64

Version: 4.4
Check: whether package can be installed
Result: WARN
    Found the following significant warnings:
     Warning: 'rgl.init' failed, running with 'rgl.useNULL = TRUE'.
Flavor: r-oldrel-macos-x86_64